{"id":607,"date":"2021-06-18T08:38:00","date_gmt":"2021-06-18T08:38:00","guid":{"rendered":"http:\/\/ata-21.fr\/?page_id=607"},"modified":"2023-02-13T19:24:50","modified_gmt":"2023-02-13T19:24:50","slug":"classes","status":"publish","type":"page","link":"http:\/\/ata-21.fr\/?page_id=607","title":{"rendered":"Nos ateliers"},"content":{"rendered":"\n<div class=\"wp-block-cover alignfull is-light\" style=\"min-height:502px;aspect-ratio:unset;\"><span aria-hidden=\"true\" class=\"wp-block-cover__background has-cyan-bluish-gray-background-color has-background-dim\"><\/span><div class=\"wp-block-cover__inner-container is-layout-flow wp-block-cover-is-layout-flow\">\n<div class=\"wp-block-columns are-vertically-aligned-center is-layout-flex wp-container-core-columns-is-layout-28f84493 wp-block-columns-is-layout-flex\">\n<div class=\"wp-block-column is-vertically-aligned-center is-layout-flow wp-block-column-is-layout-flow\">\n<h1 class=\"has-ast-global-color-2-color has-text-color has-x-large-font-size wp-block-heading\"><br>La Philosophie essentielle:<br>Faire se rejoindre l&rsquo;\u00eatre et la connaissance<\/h1>\n\n\n\n<p><\/p>\n\n\n\n<p><\/p>\n<\/div>\n\n\n\n<div class=\"wp-block-column is-vertically-aligned-center is-layout-flow wp-block-column-is-layout-flow\">\n<p class=\"has-ast-global-color-6-color has-text-color\" style=\"font-size:15px\"><br><br>Comprendre la place et le r\u00f4le de l\u2019homme dans la biosph\u00e8re est une activit\u00e9 essentielle. Elle doit garantir, par une action ad\u00e9quate, le fragile \u00e9quilibre des nombreux flux d\u2019\u00e9nergie qui forment la vie organique sur Terre. Pour en prendre conscience, l\u2019\u00eatre humain doit avant tout apprendre \u00e0 se conna\u00eetre.<\/p>\n\n\n\n<p class=\"has-ast-global-color-6-color has-text-color\" style=\"font-size:15px\">C\u2019est le but de la Philosophie Essentielle.<\/p>\n\n\n\n<p class=\"has-ast-global-color-6-color has-text-color\" style=\"font-size:15px\"><em>\u00ab&nbsp;Conna\u00eetre son ignorance est<\/em> <em>la meilleure part de la connaissance. \u00bb<\/em>      Proverbe Zen<\/p>\n\n\n\n<p class=\"has-ast-global-color-2-color has-text-color\">Essence\/personnalit\u00e9 &#8211; les diff\u00e9rents centres &#8211; les diff\u00e9rents corps &#8211; Comprendre les traits n\u00e9gatifs du caract\u00e8res &#8211; C&rsquo;est quoi les qualit\u00e9s de l&rsquo;esprit humain ? etc.<\/p>\n\n\n\n<p><\/p>\n<\/div>\n<\/div>\n<\/div><\/div>\n\n\n\n<div class=\"inherit-container-width wp-block-group alignfull has-ast-global-color-5-background-color has-background is-layout-constrained wp-block-group-is-layout-constrained\"><div class=\"wp-block-group__inner-container\">\n<div class=\"wp-block-columns are-vertically-aligned-center is-layout-flex wp-container-core-columns-is-layout-28f84493 wp-block-columns-is-layout-flex\">\n<div class=\"wp-block-column is-vertically-aligned-center is-layout-flow wp-block-column-is-layout-flow\" style=\"flex-basis:400px\">\n<h2 class=\"wp-block-heading\">Quelles connaissances  ? Quelles pratiques efficaces ?<\/h2>\n<\/div>\n\n\n\n<div class=\"wp-block-column is-vertically-aligned-center is-layout-flow wp-block-column-is-layout-flow\">\n<hr class=\"wp-block-separator has-text-color has-ast-global-color-0-color has-css-opacity has-ast-global-color-0-background-color has-background is-style-wide\"\/>\n\n\n\n<ul class=\"wp-block-list\"><li>D&rsquo;abord la s\u00e9r\u00e9nit\u00e9 qui s&rsquo;acqui\u00e8re dans la m\u00e9ditation silencieuse et immobile<\/li><\/ul>\n<\/div>\n\n\n\n<div class=\"wp-block-column is-vertically-aligned-center is-layout-flow wp-block-column-is-layout-flow\">\n<hr class=\"wp-block-separator has-text-color has-ast-global-color-0-color has-css-opacity has-ast-global-color-0-background-color has-background is-style-wide\"\/>\n\n\n\n<ul class=\"wp-block-list\"><li>Bouger en conscience : l&rsquo;art des mouvements m\u00e9ditatifs<\/li><\/ul>\n<\/div>\n<\/div>\n\n\n\n<div class=\"wp-block-columns are-vertically-aligned-center is-layout-flex wp-container-core-columns-is-layout-28f84493 wp-block-columns-is-layout-flex\">\n<div class=\"wp-block-column is-vertically-aligned-center is-layout-flow wp-block-column-is-layout-flow\">\n<hr class=\"wp-block-separator has-text-color has-ast-global-color-0-color has-css-opacity has-ast-global-color-0-background-color has-background is-style-wide\"\/>\n\n\n\n<ul class=\"wp-block-list\"><li>Qui suis-je derri\u00e8re ce flot incessant de pens\u00e9es et d&rsquo;\u00e9motions ?<\/li><\/ul>\n<\/div>\n\n\n\n<div class=\"wp-block-column is-vertically-aligned-center is-layout-flow wp-block-column-is-layout-flow\">\n<hr class=\"wp-block-separator has-text-color has-ast-global-color-0-color has-css-opacity has-ast-global-color-0-background-color has-background is-style-wide\"\/>\n\n\n\n<ul class=\"wp-block-list\"><li>Comment me lib\u00e9rer de la souffrance ? Quel sens donner \u00e0 ma vie ?<\/li><\/ul>\n<\/div>\n\n\n\n<div class=\"wp-block-column is-vertically-aligned-center is-layout-flow wp-block-column-is-layout-flow\">\n<hr class=\"wp-block-separator has-text-color has-ast-global-color-0-color has-css-opacity has-ast-global-color-0-background-color has-background is-style-wide\"\/>\n\n\n\n<ul class=\"wp-block-list\"><li>Apprendre une cosmologie qui permet de comprendre sa place dans les mondes.<\/li><\/ul>\n<\/div>\n<\/div>\n<\/div><\/div>\n\n\n\n<div class=\"inherit-container-width wp-block-group alignfull has-ast-global-color-5-background-color has-background has-large-font-size is-layout-constrained wp-block-group-is-layout-constrained\"><div class=\"wp-block-group__inner-container\"><p>Les 3 mots les plus importants !<\/p>\n<\/div><\/div>\n\n\n\n<div class=\"inherit-container-width wp-block-group alignfull has-ast-global-color-0-background-color has-background is-layout-constrained wp-block-group-is-layout-constrained\"><div class=\"wp-block-group__inner-container\">\n<div class=\"wp-block-columns are-vertically-aligned-center is-layout-flex wp-container-core-columns-is-layout-28f84493 wp-block-columns-is-layout-flex\">\n<div class=\"wp-block-column is-vertically-aligned-center is-layout-flow wp-block-column-is-layout-flow\">\n<hr class=\"wp-block-separator has-text-color has-ast-global-color-4-color has-css-opacity has-ast-global-color-4-background-color has-background is-style-wide\"\/>\n\n\n\n<p class=\"has-text-color\" style=\"color:#ffffff\">Oui, l&rsquo;acceptation du r\u00e9el<\/p>\n\n\n\n<div class=\"wp-block-media-text alignwide\" style=\"grid-template-columns:15% auto\"><figure class=\"wp-block-media-text__media\"><img loading=\"lazy\" decoding=\"async\" width=\"100\" height=\"100\" src=\"http:\/\/ata-21.fr\/wp-content\/uploads\/2021\/06\/testimonial-2.png\" alt=\"\" class=\"wp-image-635 size-full\"\/><\/figure><div class=\"wp-block-media-text__content\">\n<p class=\"has-text-color\" style=\"color:#ffffff\">YES<\/p>\n<\/div><\/div>\n<\/div>\n\n\n\n<div class=\"wp-block-column is-vertically-aligned-center is-layout-flow wp-block-column-is-layout-flow\">\n<hr class=\"wp-block-separator has-text-color has-ast-global-color-4-color has-css-opacity has-ast-global-color-4-background-color has-background is-style-wide\"\/>\n\n\n\n<p class=\"has-text-color\" style=\"color:#ffffff\">S&rsquo;il te pla\u00eet, le respect<\/p>\n\n\n\n<div class=\"wp-block-media-text alignwide\" style=\"grid-template-columns:15% auto\"><figure class=\"wp-block-media-text__media\"><img loading=\"lazy\" decoding=\"async\" width=\"100\" height=\"100\" src=\"http:\/\/ata-21.fr\/wp-content\/uploads\/2021\/06\/testimonial-3.png\" alt=\"\" class=\"wp-image-637 size-full\"\/><\/figure><div class=\"wp-block-media-text__content\">\n<p class=\"has-text-color\" style=\"color:#ffffff\">PLEASE<\/p>\n<\/div><\/div>\n<\/div>\n\n\n\n<div class=\"wp-block-column is-vertically-aligned-center is-layout-flow wp-block-column-is-layout-flow\">\n<hr class=\"wp-block-separator has-text-color has-ast-global-color-4-color has-css-opacity has-ast-global-color-4-background-color has-background is-style-wide\"\/>\n\n\n\n<p class=\"has-text-color\" style=\"color:#ffffff\">Merci, la gratitude<\/p>\n\n\n\n<div class=\"wp-block-media-text alignwide\" style=\"grid-template-columns:15% auto\"><figure class=\"wp-block-media-text__media\"><img loading=\"lazy\" decoding=\"async\" width=\"100\" height=\"100\" src=\"http:\/\/ata-21.fr\/wp-content\/uploads\/2021\/06\/testimonial-1.png\" alt=\"\" class=\"wp-image-632 size-full\"\/><\/figure><div class=\"wp-block-media-text__content\">\n<p class=\"has-text-color\" style=\"color:#ffffff\">THANK YOU<\/p>\n<\/div><\/div>\n<\/div>\n<\/div>\n<\/div><\/div>\n","protected":false},"excerpt":{"rendered":"<p>Quelles connaissances ? Quelles pratiques efficaces ? D&rsquo;abord la s\u00e9r\u00e9nit\u00e9 qui s&rsquo;acqui\u00e8re dans la m\u00e9ditation silencieuse et immobile Bouger en conscience : l&rsquo;art des mouvements m\u00e9ditatifs Qui suis-je derri\u00e8re ce flot incessant de pens\u00e9es et d&rsquo;\u00e9motions ? Comment me lib\u00e9rer de la souffrance ? Quel sens donner \u00e0 ma vie ? Apprendre une cosmologie qui &hellip;<\/p>\n<p class=\"read-more\"> <a class=\"\" href=\"http:\/\/ata-21.fr\/?page_id=607\"> <span class=\"screen-reader-text\">Nos ateliers<\/span> Lire la suite\u00a0\u00bb<\/a><\/p>\n","protected":false},"author":1,"featured_media":0,"parent":0,"menu_order":0,"comment_status":"closed","ping_status":"closed","template":"","meta":{"om_disable_all_campaigns":false,"_monsterinsights_skip_tracking":false,"_monsterinsights_sitenote_active":false,"_monsterinsights_sitenote_note":"","_monsterinsights_sitenote_category":0,"site-sidebar-layout":"no-sidebar","site-content-layout":"plain-container","ast-global-header-display":"","ast-main-header-display":"","ast-hfb-above-header-display":"","ast-hfb-below-header-display":"","ast-hfb-mobile-header-display":"","site-post-title":"disabled","ast-breadcrumbs-content":"disabled","ast-featured-img":"disabled","footer-sml-layout":"","theme-transparent-header-meta":"enabled","adv-header-id-meta":"","stick-header-meta":"","header-above-stick-meta":"","header-main-stick-meta":"","header-below-stick-meta":"","footnotes":""},"class_list":["post-607","page","type-page","status-publish","hentry"],"aioseo_notices":[],"_links":{"self":[{"href":"http:\/\/ata-21.fr\/index.php?rest_route=\/wp\/v2\/pages\/607","targetHints":{"allow":["GET"]}}],"collection":[{"href":"http:\/\/ata-21.fr\/index.php?rest_route=\/wp\/v2\/pages"}],"about":[{"href":"http:\/\/ata-21.fr\/index.php?rest_route=\/wp\/v2\/types\/page"}],"author":[{"embeddable":true,"href":"http:\/\/ata-21.fr\/index.php?rest_route=\/wp\/v2\/users\/1"}],"replies":[{"embeddable":true,"href":"http:\/\/ata-21.fr\/index.php?rest_route=%2Fwp%2Fv2%2Fcomments&post=607"}],"version-history":[{"count":28,"href":"http:\/\/ata-21.fr\/index.php?rest_route=\/wp\/v2\/pages\/607\/revisions"}],"predecessor-version":[{"id":811,"href":"http:\/\/ata-21.fr\/index.php?rest_route=\/wp\/v2\/pages\/607\/revisions\/811"}],"wp:attachment":[{"href":"http:\/\/ata-21.fr\/index.php?rest_route=%2Fwp%2Fv2%2Fmedia&parent=607"}],"curies":[{"name":"wp","href":"https:\/\/api.w.org\/{rel}","templated":true}]}}

<div class="wp-block-cover alignfull is-light" style="min-height:502px;aspect-ratio:unset;"><span aria-hidden="true" class="wp-block-cover__background has-cyan-bluish-gray-background-color has-background-dim"></span><div class="wp-block-cover__inner-container is-layout-flow wp-block-cover-is-layout-flow">
<div class="wp-block-columns are-vertically-aligned-center is-layout-flex wp-container-core-columns-is-layout-28f84493 wp-block-columns-is-layout-flex">
<div class="wp-block-column is-vertically-aligned-center is-layout-flow wp-block-column-is-layout-flow">
<h1 class="has-ast-global-color-2-color has-text-color has-x-large-font-size wp-block-heading"><br>La Philosophie essentielle:<br>Faire se rejoindre l&rsquo;être et la connaissance</h1>



<p></p>



<p></p>
</div>



<div class="wp-block-column is-vertically-aligned-center is-layout-flow wp-block-column-is-layout-flow">
<p class="has-ast-global-color-6-color has-text-color" style="font-size:15px"><br><br>Comprendre la place et le rôle de l’homme dans la biosphère est une activité essentielle. Elle doit garantir, par une action adéquate, le fragile équilibre des nombreux flux d’énergie qui forment la vie organique sur Terre. Pour en prendre conscience, l’être humain doit avant tout apprendre à se connaître.</p>



<p class="has-ast-global-color-6-color has-text-color" style="font-size:15px">C’est le but de la Philosophie Essentielle.</p>



<p class="has-ast-global-color-6-color has-text-color" style="font-size:15px"><em>«&nbsp;Connaître son ignorance est</em> <em>la meilleure part de la connaissance. »</em>      Proverbe Zen</p>



<p class="has-ast-global-color-2-color has-text-color">Essence/personnalité &#8211; les différents centres &#8211; les différents corps &#8211; Comprendre les traits négatifs du caractères &#8211; C&rsquo;est quoi les qualités de l&rsquo;esprit humain ? etc.</p>



<p></p>
</div>
</div>
</div></div>



<div class="inherit-container-width wp-block-group alignfull has-ast-global-color-5-background-color has-background is-layout-constrained wp-block-group-is-layout-constrained"><div class="wp-block-group__inner-container">
<div class="wp-block-columns are-vertically-aligned-center is-layout-flex wp-container-core-columns-is-layout-28f84493 wp-block-columns-is-layout-flex">
<div class="wp-block-column is-vertically-aligned-center is-layout-flow wp-block-column-is-layout-flow" style="flex-basis:400px">
<h2 class="wp-block-heading">Quelles connaissances  ? Quelles pratiques efficaces ?</h2>
</div>



<div class="wp-block-column is-vertically-aligned-center is-layout-flow wp-block-column-is-layout-flow">
<hr class="wp-block-separator has-text-color has-ast-global-color-0-color has-css-opacity has-ast-global-color-0-background-color has-background is-style-wide"/>



<ul class="wp-block-list"><li>D&rsquo;abord la sérénité qui s&rsquo;acquière dans la méditation silencieuse et immobile</li></ul>
</div>



<div class="wp-block-column is-vertically-aligned-center is-layout-flow wp-block-column-is-layout-flow">
<hr class="wp-block-separator has-text-color has-ast-global-color-0-color has-css-opacity has-ast-global-color-0-background-color has-background is-style-wide"/>



<ul class="wp-block-list"><li>Bouger en conscience : l&rsquo;art des mouvements méditatifs</li></ul>
</div>
</div>



<div class="wp-block-columns are-vertically-aligned-center is-layout-flex wp-container-core-columns-is-layout-28f84493 wp-block-columns-is-layout-flex">
<div class="wp-block-column is-vertically-aligned-center is-layout-flow wp-block-column-is-layout-flow">
<hr class="wp-block-separator has-text-color has-ast-global-color-0-color has-css-opacity has-ast-global-color-0-background-color has-background is-style-wide"/>



<ul class="wp-block-list"><li>Qui suis-je derrière ce flot incessant de pensées et d&rsquo;émotions ?</li></ul>
</div>



<div class="wp-block-column is-vertically-aligned-center is-layout-flow wp-block-column-is-layout-flow">
<hr class="wp-block-separator has-text-color has-ast-global-color-0-color has-css-opacity has-ast-global-color-0-background-color has-background is-style-wide"/>



<ul class="wp-block-list"><li>Comment me libérer de la souffrance ? Quel sens donner à ma vie ?</li></ul>
</div>



<div class="wp-block-column is-vertically-aligned-center is-layout-flow wp-block-column-is-layout-flow">
<hr class="wp-block-separator has-text-color has-ast-global-color-0-color has-css-opacity has-ast-global-color-0-background-color has-background is-style-wide"/>



<ul class="wp-block-list"><li>Apprendre une cosmologie qui permet de comprendre sa place dans les mondes.</li></ul>
</div>
</div>
</div></div>



<div class="inherit-container-width wp-block-group alignfull has-ast-global-color-5-background-color has-background has-large-font-size is-layout-constrained wp-block-group-is-layout-constrained"><div class="wp-block-group__inner-container"><p>Les 3 mots les plus importants !</p>
</div></div>



<div class="inherit-container-width wp-block-group alignfull has-ast-global-color-0-background-color has-background is-layout-constrained wp-block-group-is-layout-constrained"><div class="wp-block-group__inner-container">
<div class="wp-block-columns are-vertically-aligned-center is-layout-flex wp-container-core-columns-is-layout-28f84493 wp-block-columns-is-layout-flex">
<div class="wp-block-column is-vertically-aligned-center is-layout-flow wp-block-column-is-layout-flow">
<hr class="wp-block-separator has-text-color has-ast-global-color-4-color has-css-opacity has-ast-global-color-4-background-color has-background is-style-wide"/>



<p class="has-text-color" style="color:#ffffff">Oui, l&rsquo;acceptation du réel</p>



<div class="wp-block-media-text alignwide" style="grid-template-columns:15% auto"><figure class="wp-block-media-text__media"><img loading="lazy" decoding="async" width="100" height="100" src="http://ata-21.fr/wp-content/uploads/2021/06/testimonial-2.png" alt="" class="wp-image-635 size-full"/></figure><div class="wp-block-media-text__content">
<p class="has-text-color" style="color:#ffffff">YES</p>
</div></div>
</div>



<div class="wp-block-column is-vertically-aligned-center is-layout-flow wp-block-column-is-layout-flow">
<hr class="wp-block-separator has-text-color has-ast-global-color-4-color has-css-opacity has-ast-global-color-4-background-color has-background is-style-wide"/>



<p class="has-text-color" style="color:#ffffff">S&rsquo;il te plaît, le respect</p>



<div class="wp-block-media-text alignwide" style="grid-template-columns:15% auto"><figure class="wp-block-media-text__media"><img loading="lazy" decoding="async" width="100" height="100" src="http://ata-21.fr/wp-content/uploads/2021/06/testimonial-3.png" alt="" class="wp-image-637 size-full"/></figure><div class="wp-block-media-text__content">
<p class="has-text-color" style="color:#ffffff">PLEASE</p>
</div></div>
</div>



<div class="wp-block-column is-vertically-aligned-center is-layout-flow wp-block-column-is-layout-flow">
<hr class="wp-block-separator has-text-color has-ast-global-color-4-color has-css-opacity has-ast-global-color-4-background-color has-background is-style-wide"/>



<p class="has-text-color" style="color:#ffffff">Merci, la gratitude</p>



<div class="wp-block-media-text alignwide" style="grid-template-columns:15% auto"><figure class="wp-block-media-text__media"><img loading="lazy" decoding="async" width="100" height="100" src="http://ata-21.fr/wp-content/uploads/2021/06/testimonial-1.png" alt="" class="wp-image-632 size-full"/></figure><div class="wp-block-media-text__content">
<p class="has-text-color" style="color:#ffffff">THANK YOU</p>
</div></div>
</div>
</div>
</div></div>

<p>Quelles connaissances ? Quelles pratiques efficaces ? D&rsquo;abord la sérénité qui s&rsquo;acquière dans la méditation silencieuse et immobile Bouger en conscience : l&rsquo;art des mouvements méditatifs Qui suis-je derrière ce flot incessant de pensées et d&rsquo;émotions ? Comment me libérer de la souffrance ? Quel sens donner à ma vie ? Apprendre une cosmologie qui &hellip;</p>
<p class="read-more"> <a class="" href="http://ata-21.fr/?page_id=607"> <span class="screen-reader-text">Nos ateliers</span> Lire la suite »</a></p>
